{"id":3784,"date":"2023-12-04T19:54:02","date_gmt":"2023-12-04T19:54:02","guid":{"rendered":"http:\/\/dbk.srtv.cl\/?page_id=3784"},"modified":"2023-12-05T17:43:25","modified_gmt":"2023-12-05T17:43:25","slug":"areas-de-practica","status":"publish","type":"page","link":"https:\/\/dbk.com.pe\/index.php\/areas-de-practica\/","title":{"rendered":"\u00c1reas de Pr\u00e1ctica"},"content":{"rendered":"<section class=\"l-section wpb_row us_custom_e11ab399 height_medium\"><div class=\"l-section-h i-cf\"><div class=\"g-cols vc_row type_default valign_top\"><div class=\"vc_col-sm-8 wpb_column vc_column_container\"><div class=\"vc_column-inner\"><div class=\"wpb_wrapper\"><h1 class=\"w-text us_custom_d3956063\"><span class=\"w-text-h\"><span class=\"w-text-value\">\u00c1REAS DE PR\u00c1CTICA<\/span><\/span><\/h1><div class=\"w-image align_center\"><div class=\"w-image-h\"><img loading=\"lazy\" decoding=\"async\" width=\"1109\" height=\"310\" src=\"https:\/\/dbk.com.pe\/wp-content\/uploads\/2023\/12\/ban7.png\" class=\"attachment-full size-full\" alt=\"\" srcset=\"https:\/\/dbk.com.pe\/wp-content\/uploads\/2023\/12\/ban7.png 1109w, https:\/\/dbk.com.pe\/wp-content\/uploads\/2023\/12\/ban7-300x84.png 300w, https:\/\/dbk.com.pe\/wp-content\/uploads\/2023\/12\/ban7-1024x286.png 1024w, https:\/\/dbk.com.pe\/wp-content\/uploads\/2023\/12\/ban7-600x168.png 600w\" sizes=\"auto, (max-width: 1109px) 100vw, 1109px\" \/><\/div><\/div><div class=\"w-separator size_small\"><\/div><h3 class=\"w-text us_custom_f6f036c7 has_text_color\"><span class=\"w-text-h\"><span class=\"w-text-value\">DERECHO PENAL<\/span><\/span><\/h3><div class=\"wpb_text_column us_custom_1725b0ee\" ><div class=\"wpb_wrapper\"><div class=\"w-hwrapper align_left valign_top\">\n<div class=\"w-vwrapper align_left valign_top\">\n<div class=\"wpb_text_column us_custom_ef3697c0\">\n<div class=\"wpb_wrapper\">\n<p>Defendemos tus derechos con estrategias legales s\u00f3lidas respaldadas por an\u00e1lisis avanzado.<\/p>\n<\/div>\n<\/div>\n<\/div>\n<\/div>\n<\/div><\/div><div class=\"w-separator size_small\"><\/div><h3 class=\"w-text us_custom_edb3996e has_text_color\"><span class=\"w-text-h\"><span class=\"w-text-value\">Derecho Constitucional<\/span><\/span><\/h3><div class=\"wpb_text_column us_custom_1725b0ee\" ><div class=\"wpb_wrapper\"><div class=\"w-hwrapper align_left valign_top\">\n<div class=\"w-vwrapper align_left valign_top\">\n<div class=\"wpb_text_column us_custom_ef3697c0\">\n<div class=\"wpb_wrapper\">\n<p>Protegemos tus derechos fundamentales con enfoques legales especializados y tecnolog\u00eda de vanguardia.<\/p>\n<\/div>\n<\/div>\n<\/div>\n<\/div>\n<\/div><\/div><div class=\"w-separator size_small\"><\/div><h3 class=\"w-text us_custom_edb3996e has_text_color\"><span class=\"w-text-h\"><span class=\"w-text-value\">Derecho Aduanero y Comercio Internacional<\/span><\/span><\/h3><div class=\"wpb_text_column us_custom_1725b0ee\" ><div class=\"wpb_wrapper\"><div class=\"w-hwrapper align_left valign_top\">\n<div class=\"w-vwrapper align_left valign_top\">\n<div class=\"wpb_text_column us_custom_ef3697c0\">\n<div class=\"wpb_wrapper\">\n<div class=\"w-hwrapper align_left valign_top\">\n<div class=\"w-vwrapper align_left valign_top\">\n<div class=\"wpb_text_column us_custom_ef3697c0\">\n<div class=\"wpb_wrapper\">\n<p>Navegamos por las complejidades de las regulaciones aduaneras con soluciones legales eficientes.<\/p>\n<\/div>\n<\/div>\n<\/div>\n<\/div>\n<\/div>\n<\/div>\n<\/div>\n<\/div>\n<\/div><\/div><div class=\"w-separator size_small\"><\/div><h3 class=\"w-text us_custom_edb3996e has_text_color\"><span class=\"w-text-h\"><span class=\"w-text-value\">Derecho Penitenciario<\/span><\/span><\/h3><div class=\"wpb_text_column us_custom_1725b0ee\" ><div class=\"wpb_wrapper\"><div class=\"w-hwrapper align_left valign_top\">\n<div class=\"w-vwrapper align_left valign_top\">\n<div class=\"wpb_text_column us_custom_ef3697c0\">\n<div class=\"wpb_wrapper\">\n<div class=\"w-hwrapper align_left valign_top\">\n<div class=\"w-vwrapper align_left valign_top\">\n<div class=\"wpb_text_column us_custom_ef3697c0\">\n<div class=\"wpb_wrapper\">\n<div class=\"w-hwrapper align_left valign_top\">\n<div class=\"w-vwrapper align_left valign_top\">\n<div class=\"wpb_text_column us_custom_ef3697c0\">\n<div class=\"wpb_wrapper\">\n<p>Ofrecemos asesoramiento experto en cuestiones relacionadas con el sistema penitenciario y procesos legales asociados.<\/p>\n<\/div>\n<\/div>\n<\/div>\n<\/div>\n<\/div>\n<\/div>\n<\/div>\n<\/div>\n<\/div>\n<\/div>\n<\/div>\n<\/div>\n<\/div><\/div><div class=\"w-separator size_small\"><\/div><h3 class=\"w-text us_custom_edb3996e has_text_color\"><span class=\"w-text-h\"><span class=\"w-text-value\">Propiedad Intelectual<\/span><\/span><\/h3><div class=\"wpb_text_column us_custom_1725b0ee\" ><div class=\"wpb_wrapper\"><p>Protege tus activos intelectuales con nuestras soluciones avanzadas de propiedad intelectual.<\/p>\n<\/div><\/div><\/div><\/div><\/div><div class=\"vc_col-sm-4 wpb_column vc_column_container\"><div class=\"vc_column-inner\"><div class=\"wpb_wrapper\"><div class=\"w-image us_custom_f0b9c96d align_left\"><div class=\"w-image-h\"><img loading=\"lazy\" decoding=\"async\" width=\"512\" height=\"609\" src=\"https:\/\/dbk.com.pe\/wp-content\/uploads\/2023\/12\/log-areas.png\" class=\"attachment-full size-full\" alt=\"\" srcset=\"https:\/\/dbk.com.pe\/wp-content\/uploads\/2023\/12\/log-areas.png 512w, https:\/\/dbk.com.pe\/wp-content\/uploads\/2023\/12\/log-areas-252x300.png 252w\" sizes=\"auto, (max-width: 512px) 100vw, 512px\" \/><\/div><\/div><\/div><\/div><\/div><\/div><\/div><\/section>\n","protected":false},"excerpt":{"rendered":"\u00c1REAS DE PR\u00c1CTICADERECHO PENAL Defendemos tus derechos con estrategias legales s\u00f3lidas respaldadas por an\u00e1lisis avanzado. Derecho Constitucional Protegemos tus derechos fundamentales con enfoques legales especializados y tecnolog\u00eda de vanguardia. Derecho Aduanero y Comercio Internacional Navegamos por las complejidades de las regulaciones aduaneras con soluciones legales eficientes. Derecho Penitenciario Ofrecemos asesoramiento experto en cuestiones relacionadas con...","protected":false},"author":2,"featured_media":0,"parent":0,"menu_order":0,"comment_status":"closed","ping_status":"closed","template":"","meta":{"footnotes":""},"class_list":["post-3784","page","type-page","status-publish","hentry"],"acf":[],"_links":{"self":[{"href":"https:\/\/dbk.com.pe\/index.php\/wp-json\/wp\/v2\/pages\/3784","targetHints":{"allow":["GET"]}}],"collection":[{"href":"https:\/\/dbk.com.pe\/index.php\/wp-json\/wp\/v2\/pages"}],"about":[{"href":"https:\/\/dbk.com.pe\/index.php\/wp-json\/wp\/v2\/types\/page"}],"author":[{"embeddable":true,"href":"https:\/\/dbk.com.pe\/index.php\/wp-json\/wp\/v2\/users\/2"}],"replies":[{"embeddable":true,"href":"https:\/\/dbk.com.pe\/index.php\/wp-json\/wp\/v2\/comments?post=3784"}],"version-history":[{"count":7,"href":"https:\/\/dbk.com.pe\/index.php\/wp-json\/wp\/v2\/pages\/3784\/revisions"}],"predecessor-version":[{"id":3984,"href":"https:\/\/dbk.com.pe\/index.php\/wp-json\/wp\/v2\/pages\/3784\/revisions\/3984"}],"wp:attachment":[{"href":"https:\/\/dbk.com.pe\/index.php\/wp-json\/wp\/v2\/media?parent=3784"}],"curies":[{"name":"wp","href":"https:\/\/api.w.org\/{rel}","templated":true}]}}